 the tens digit of 332483965?
6
What is the hundreds digit of 2216838557?
5
What is the ten thousands digit of 98141026?
4
What is the tens digit of 511725592?
9
What is the hundred thousands digit of 543538222?
5
What is the units digit of 230544897?
7
What is the ten thousands digit of 249006157?
0
What is the ten thousands digit of 267417934?
1
What is the units digit of 153629537?
7
What is the millions digit of 59691940?
9
What is the millions digit of 438030183?
8
What is the ten thousands digit of 3390021903?
2
What is the units digit of 175950355?
5
What is the tens digit of 1943048123?
2
What is the hundreds digit of 612259646?
6
What is the ten thousands digit of 523412789?
1
What is the units digit of 73200057?
7
What is the hundred thousands digit of 2921716350?
7
What is the millions digit of 25312919?
5
What is the hundred thousands digit of 7477172201?
1
What is the tens digit of 534660727?
2
What is the ten millions digit of 154663717?
5
What is the millions digit of 150489080?
0
What is the tens digit of 1231704?
0
What is the ten thousands digit of 1072448980?
4
What is the hundred thousands digit of 19765010?
7
What is the thousands digit of 173769541?
9
What is the hundreds digit of 5894671?
6
What is the thousands digit of 394597248?
7
What is the units digit of 87330529?
9
What is the units digit of 2009366801?
1
What is the hundred thousands digit of 88812527?
8
What is the thousands digit of 1095034359?
4
What is the tens digit of 2297216?
1
What is the tens digit of 21206025?
2
What is the ten millions digit of 43822075?
4
What is the ten millions digit of 1093333214?
9
What is the thousands digit of 18038200?
8
What is the units digit of 61628843?
3
What is the units digit of 2775230150?
0
What is the tens digit of 401243789?
8
What is the ten thousands digit of 55847647?
4
What is the ten millions digit of 16409128?
1
What is the hundreds digit of 107982392?
3
What is the thousands digit of 907727?
7
What is the tens digit of 847313875?
7
What is the hundred thousands digit of 949891323?
8
What is the hundreds digit of 1463203890?
8
What is the thousands digit of 490106693?
6
What is the tens digit of 2852293551?
5
What is the ten thousands digit of 144512762?
1
What is the ten thousands digit of 19389789?
8
What is the ten thousands digit of 30250218?
5
What is the thousands digit of 80452350?
2
What is the millions digit of 46112262?
6
What is the hundred millions digit of 2452042709?
4
What is the units digit of 220375851?
1
What is the thousands digit of 385867610?
7
What is the millions digit of 217073611?
7
What is the units digit of 10165265?
5
What is the thousands digit of 71025512?
5
What is the hundred thousands digit of 1964995221?
9
What is the tens digit of 1095676021?
2
What is the hundreds digit of 27150743?
7
What is the ten millions digit of 41905609?
4
What is the ten thousands digit of 1489395015?
9
What is the ten thousands digit of 119899153?
9
What is the millions digit of 37297455?
7
What is the ten millions digit of 160623523?
6
What is the ten thousands digit of 119302975?
0
What is the hundred thousands digit of 253453967?
4
What is the hundreds digit of 48221512?
5
What is the hundreds digit of 5587285873?
8
What is the units digit of 8574474?
4
What is the tens digit of 1796936419?
1
What is the ten millions digit of 772992834?
7
What is the ten millions digit of 790935706?
9
What is the hundred thousands digit of 465411585?
4
What is the hundreds digit of 2630500315?
3
What is the millions digit of 7162113?
7
What is the billions digit of 2471938737?
2
What is the millions digit of 176825759?
6
What is the units digit of 6272571?
1
What is the hundred thousands digit of 43361643?
3
What is the ten millions digit of 624640517?
2
What is the hundred millions digit of 357488799?
3
What is the ten millions digit of 20531172?
2
What is the tens digit of 116136010?
1
What is the ten thousands digit of 384806128?
0
What is the thousands digit of 475841356?
1
What is the millions digit of 2874793583?
4
What is the units digit of 366710705?
5
What is the hundred thousands digit of 212804316?
8
What is the units digit of 17894976?
6
What is the hundred millions digit of 286524826?
2
What is the millions digit of 199906811?
9
What is the ten millions digit of 289609540?
8
What is the ten millions digit of 772444424?
7
What is the ten thousands digit of 1015492436?
9
What is the ten thousands digit of 182378335?
7
What is the hundreds digit of 2265513160?
1
What is the millions digit of 813092125?
3
What is the ten thousands digit of 2050799070?
9
What is the millions digit of 2630177634?
0
What is the ten millions digit of 123303069?
2
What is the thousands digit of 2427035098?
5
What is the hundred thousands digit of 60237464?
2
What is the ten millions digit of 145935670?
4
What is the ten thousands digit of 965958584?
5
What is the ten thousands digit of 522474317?
7
What is the ten millions digit of 66521789?
6
What is the hundreds digit of 500376853?
8
What is the ten millions digit of 2071272092?
7
What is the ten thousands digit of 2527755902?
5
What is the tens digit of 22622639?
3
What is the millions digit of 1781686637?
1
What is the thousands digit of 517584038?
4
What is the tens digit of 2748898820?
2
What is the hundred millions digit of 4783550754?
7
What is the hundred millions digit of 5019467856?
0
What is the hundred millions digit of 1112366100?
1
What is the ten millions digit of 151857318?
5
What is the thousands digit of 666958059?
8
What is the hundred thousands digit of 121276882?
2
What is the hundred millions digit of 733842299?
7
What is the millions digit of 26399635?
6
What is the hundreds digit of 17916394?
3
What is the tens digit of 94960357?
5
What is the hundreds digit of 1303319?
3
What is the tens digit of 48451211?
1
What is the ten millions digit of 63455346?
6
What is the millions digit of 173365175?
3
What is the ten thousands digit of 344556416?
5
What is the hundreds digit of 450477225?
2
What is the tens digit of 315429512?
1
What is the units digit of 959522601?
1
What is the thousands digit of 2444820503?
0
What is the hundred millions digit of 189235535?
1
What is the thousands digit of 163361043?
1
What is the tens digit of 434984266?
6
What is the units digit of 162108380?
0
What is the ten thousands digit of 977716846?
1
What is the thousands digit of 2773411267?
1
What is the hundred millions digit of 6050935140?
0
What is the tens digit of 1578665625?
2
What is the tens digit of 18380555?
5
What is the tens digit of 663462164?
6
What is the ten thousands digit of 1063355826?
5
What is the tens digit of 4231115937?
3
What is the tens digit of 50575889?
8
What is the ten millions digit of 11558362?
1
What is the hundred thousands digit of 1804346998?
3
What is the hundred thousands digit of 47789575?
7
What is the millions digit of 2708743445?
8
What is the ten millions digit of 46564428?
4
What is the ten thousands digit of 8387022?
8
What is the millions digit of 142553534?
2
What is the millions digit of 4291059729?
1
What is the tens digit of 28180491?
9
What is the hundred millions digit of 4398493590?
3
What is the tens digit of 3416734723?
2
What is the hundreds digit of 70226080?
0
What is the tens digit of 9278358?
5
What is the hundred thousands digit of 205167901?
1
What is the hundreds digit of 27592061?
0
What is the hundred thousands digit of 132678693?
6
What is the ten millions digit of 38931917?
3
What is the hundred thousands digit of 2896909?
8
What is the units digit of 492636937?
7
What is the hundred millions digit of 698216678?
6
What is the millions digit of 130653733?
0
What is the units digit of 517269825?
5
What is the hundreds digit of 460783433?
4
What is the hundred millions digit of 2657079585?
6
What is the ten thousands digit of 1125008134?
0
What is the thousands digit of 80167731?
7
What is the tens digit of 1707271760?
6
What is the ten thousands digit of 11497084?
9
What is the units digit of 2109936019?
9
What is the ten thousands digit of 237551616?
5
What is the ten thousands digit of 55617446?
1
What is the millions digit of 186514500?
6
What is the millions digit of 167323853?
7
What is the tens digit 